ided by a?
21
Let t = -461 + 734. Calculate the remainder when t is divided by 14.
7
Let n(s) = s**3 + 32*s**2 + 59*s - 8. What is the remainder when 98 is divided by n(-30)?
10
Let l be 3 - (-3 - (-1 - 1)). Let s be (-3 + -1)*(-3)/l. Suppose s*t - 60 = -3*c, 4*t + 0*t - 77 = -3*c. Calculate the remainder when t is divided by 5.
2
Suppose 9 + 67 = 4*a. Calculate the remainder when 104 + (-16)/((-128)/56) is divided by a.
16
Suppose 4*b = -3*c + 6*c - 5175, -9*c + 15525 = 3*b. Calculate the remainder when c is divided by 108.
105
Suppose 4*m = 12 + 36. Let k = m - 12. Suppose -t + 3*c + 2 + 8 = k, 3*c + 6 = 0. What is the remainder when 14 is divided by t?
2
Let v = 734 + -471. What is the remainder when v is divided by 89?
85
What is the remainder when 5/((-2)/(-820)*5) + -3 is divided by 82?
79
Suppose -4*o + 5*d - 1 = -7, -d = -2. Suppose 4*z - 596 = -5*v, -z - 5*v + 138 = o. Calculate the remainder when z is divided by 52.
50
Let w(g) = -8*g - 132. Calculate the remainder when 307 is divided by w(-18).
7
Let c = 28 + 1. Suppose 4*y = 14*y - 30. Suppose -l - 1 = 0, y*d + 0*d + 4*l = 44. What is the remainder when c is divided by d?
13
Suppose -l - 12 = -38. Let j(h) = h**3 - 11*h**2 - 7*h + 15. Suppose 0 = -5*a - 4*x + 44, -2*x - 5 = -4*a + 51. What is the remainder when j(a) is divided by l?
23
Suppose 2*f + 3*f - 2*r = 48, r = -4. Suppose -3*a + 564 = 5*m + 154, 0 = -3*m + a + 260. Calculate the remainder when m is divided by f.
5
Suppose 8*u - 7*u = y - 6, -30 = -5*y + 3*u. What is the remainder when 45 is divided by y?
3
Suppose 5*j = -0*j + 4*w + 42, -6 = -3*j - 4*w. Suppose -58 = -4*k - 2*d, -3*k + 2*d = -k - 44. What is the remainder when k is divided by j?
5
Let q = -262 - -281. Suppose -t + 40 = -0*t - 5*a, 4*a + 4 = 0. What is the remainder when t is divided by q?
16
Suppose -2*c = -4*c + 12. Calculate the remainder when 10 + (2 - 1) + -1 + -1 is divided by c.
3
Suppose 47 = 4*j - 3*s, -j + 5*s = -3*j + 43. Calculate the remainder when 67 is divided by j.
11
Suppose 3*x - 321 = -4*h - 68, 4*x - 5*h = 358. Calculate the remainder when 172 is divided by x.
85
Let m(g) = g**2 + 4*g + 1. Let z be m(-5). Suppose -z*l + 2*l = -8. Calculate the remainder when l - (2 + -31) - 2 is divided by 15.
14
Suppose 30 = 2*m - 2*i, 6*m = 5*m - 3*i + 23. Suppose -q = -0*q - 5. What is the remainder when m is divided by q?
2
Suppose -99*d + 93 = -98*d. Let i = 39 + -20. Calculate the remainder when d is divided by i.
17
Let a(q) = 15*q - 27. Suppose -18 = -w - 2*y, 4*w = -2*y + 7*y + 7. What is the remainder when a(w) is divided by 24?
21
Let q be (9344/40)/(1*3/(-45)). Calculate the remainder when q/(-40) + 9/(-15) is divided by 8.
7
Suppose -g - 4*g + 35 = 0. Suppose -g + 38 = x. What is the remainder when x is divided by 8?
7
Let d = 1 - 1. Suppose 2*p - 7*p + 10 = d. Suppose 0 = -5*x + 4*b + 14, 2*b + 25 = -3*x + 51. Calculate the remainder when x is divided by p.
0
Suppose 3*n + 126 = 4*n. Suppose 2*g = -3*z + n, 0 = 4*z + z - 3*g - 191. Let w = 59 - z. What is the remainder when 35 is divided by w?
16
Suppose -6*n + 1040 = 158. Suppose -402 - n = -9*m. Calculate the remainder when m is divided by 21.
19
Let g = 158 - 148. What is the remainder when 32 is divided by g?
2
Calculate the remainder when 622 is divided by -6*((-26)/(-9))/((-14)/42).
50
Let r = 56 + 109. Suppose 16*x + 8 = 680. Calculate the remainder when r is divided by x.
39
Let t(r) = 26*r + 1. Let n be t(2). Let c = 105 - n. Calculate the remainder when c is divided by 5.
2
Suppose 48*m = 53*m - 165. Suppose -21 = -2*j - g, 0 = 2*j - 2*g - 35 + 5. Suppose -5*n + j = -4*n. Calculate the remainder when m is divided by n.
9
Suppose 5*f + 0*f = -m + 22, 2*f - 12 = -2*m. Suppose -m*y = 5*z - 59, -z - y - y = -15. What is the remainder when 13 is divided by z?
2
Suppose 4*l = 5*s + 61, l + 3*s = 2*s + 22. Suppose 4*v + 68 = 2*u, 0 = 4*u - 9*u + 3*v + 177. What is the remainder when u is divided by l?
17
Suppose 13*v = -22*v + 4515. Calculate the remainder when v is divided by 66.
63
Suppose 0 = -m - 3*x + 40, -5*m - 72*x + 80*x + 200 = 0. What is the remainder when 3359 is divided by m?
39
Let m = 444 - 348. Calculate the remainder when m is divided by 21.
12
Let i = 174 - 93. Suppose 0 = -4*n - n - 2*p + i, -4*n + 2*p + 54 = 0. Calculate the remainder when 41 is divided by n.
11
Suppose 7*l + 845 = 1209. What is the remainder when 311 is divided by l?
51
Suppose -48 + 4 = -4*m. Let o = 232 - 386. Let c = -145 - o. Calculate the remainder when m is divided by c.
2
Let u = 12 + -5. Let s(f) be the first derivative of -f**2 + 8*f - 3. Calculate the remainder when s(-5) is divided by u.
4
Let g = 3 + 5. Suppose 0 = -w + n + 1 - 0, -5*w + 4*n + 4 = 0. Suppose -v - 59 = -w*k - 3*k, -83 = -3*k - 5*v. What is the remainder when k is divided by g?
5
Suppose 118 = 2*y + 118. Suppose y = -3*d - 3*l + 3, d + 5*l + 19 = -0*d. Let b = 0 - -2. Calculate the remainder when d is divided by b.
0
Let w(m) = -m**3 + 3*m**2 + 7*m - 2. What is the remainder when w(3) is divided by 10?
9
Suppose 49*f + k = 45*f + 57, 0 = -2*f + k + 21. What is the remainder when 54 is divided by f?
2
Let q(l) = -6*l + 0 - 5 - l + l**2. Let u(d) = d**2 + 11*d + 32. What is the remainder when q(8) is divided by u(-6)?
1
Let a = 13 - 10. Calculate the remainder when 13 is divided by 1/a*(6 + 15).
6
Suppose -p + 20 = 12. Calculate the remainder when 71 is divided by p.
7
Let z(y) = y**2 + 39*y - 239. Calculate the remainder when z(6) is divided by (-2)/(-2 - (-24)/14).
3
Suppose 0 = -7*d + 200 + 10. Let h = d - -5. Calculate the remainder when h is divided by 19.
16
Let n(q) = q**3 - q + 2. Let b be n(0). Suppose -t + 4 = p - 3, -b*p = -5*t + 14. What is the remainder when 14 is divided by t?
2
Suppose 0 = -4*f + 8*f - 388. Let d = -58 + f. Calculate the remainder when d is divided by 10.
9
Suppose -4*o - 26 = -4*y + 2, 0 = 3*o + 3*y + 27. Let q(t) = t**2 + 9*t + 11. What is the remainder when 4 is divided by q(o)?
1
Suppose -r - 4 - 1 = 0. Let s = r - -7. Suppose s*f - 23 - 19 = 0. What is the remainder when f is divided by 6?
3
Let r = 5 + -4. Let w(q) be the second derivative of 2*q**5/5 - q**4/12 + q**3/3 - q**2/2 - 5*q. What is the remainder when 31 is divided by w(r)?
7
Suppose 5*c - 760 = -5*m - 0*c, 6 = 3*c. Suppose 22*z - 17*z = m. Calculate the remainder when 119 is divided by z.
29
Suppose -4*i + 54 + 18 = 0. Calculate the remainder when 105 is divided by i.
15
Let q(x) = -15 + 3*x - 4 - 8*x. Let y be (2*-1)/(1/4). Calculate the remainder when q(y) is divided by 12.
9
Let r(j) = -j**3 - 2*j**2 + 6*j - 5. Let q be r(-5). Suppose 9*g - 5*g - q = 0. Calculate the remainder when 45 is divided by g.
5
Suppose 0 = 5*j - 3*l - 552, -5*l = -4 + 24. What is the remainder when j is divided by 30?
18
Suppose 2*j - 44 - 34 = 0. Let o = -77 - -45. Let d = o + 53. What is the remainder when j is divided by d?
18
Let d(g) = g**3 - 5*g**2 + 18*g - 5. Let f be d(7). Suppose 0 = -6*y + f + 15. Calculate the remainder when y is divided by 10.
9
Let s = 423 - 374. Calculate the remainder when s is divided by ((-8 + -2)*-1)/1.
9
Let a = -234 - -252. Suppose -38 = -l - 5*n, -5*l = -n - n - 271. What is the remainder when l is divided by a?
17
Let f(k) = k**2 + 3*k - 64. Calculate the remainder when f(-24) is divided by 13.
11
Suppose 6*f - 404 = -8*i + 13*i, -5*i = -10. Calculate the remainder when 152 is divided by f.
14
Let x = 245 - 218. Let z = 6 + 41. Let h = z - 33. Calculate the remainder when x is divided by h.
13
Let b(r) = r**2 + r + 45. Let v = -216 + 305. Calculate the remainder when v is divided by b(0).
44
Suppose r + 216 = 4*s, -32*r - 350 = -6*s - 37*r. What is the remainder when s is divided by 13?
3
Let b be 3/((-3)/7) + -4. Let p = b + 30. Let v = p + -12. Calculate the remainder when 13 is divided by v.
6
Suppose 0 = -19*h + 169 + 116. What is the remainder when 65 is divided by h?
5
Let j = 31 - 19. Let y be 3/(-3 - 87/(-28)). Suppose -5*t + y = 4*m, 6*m - 3*m = 3*t - 6. Calculate the remainder when j is divided by t.
0
Suppose 0 = -x + 2, -9*j + 3*x = -5*j - 82. Let g(o) = o + 64. What is the remainder when g(0) is divided by j?
20
Suppose -79*g + 3479 = -30*g. Calculate the remainder when 1490 is divided by g.
7